 0 = 2*v - 4*q + 12, 3 + 0 = q. Let l = v - -61. What is the tens digit of l?
6
Suppose -19*s + 36*s = 9163. What is the hundreds digit of s?
5
What is the tens digit of 7*-1 - ((-30)/(-15) + -3653)?
4
Let i be (-22)/121 - (-114)/22. Suppose -k - 26 = -i*k - 3*q, 4 = 2*q. Suppose -k*d = -2*r - 11, 4*r + 0 = -2*d - 10. What is the units digit of d?
1
Suppose 17*g - 4613 = 16*g + 2*b, -4633 = -g - 2*b. What is the units digit of g?
3
Suppose 0 = -l - 4, 5*d - 61 = 4*l. Suppose 4*a - a = -d. What is the tens digit of a - -2 - (7 + -32)?
2
Suppose -6 = w - 4. What is the units digit of (-51)/(w/(5 - 3))?
1
Suppose -c + 3*u + 289 = 0, 5*c - u - u = 1484. Let t = c - 198. Suppose t = -10*m + 15*m. What is the tens digit of m?
2
Suppose 1 - 3 = -q. Suppose -2*k - q = -3*k. What is the units digit of 18 + (3 - k)*2?
0
What is the thousands digit of ((-4076)/(-6) - -12)/((-6)/(-9))?
1
Let n(t) = -9*t + 3. Suppose 0 = -a - 6*a - 14. What is the units digit of n(a)?
1
Suppose 5*o + 588 = 3448. What is the hundreds digit of o?
5
Let u(q) = 2*q**3 - 7*q**2 - q - 6. Let z be u(5). Suppose -2*g - 1 - 3 = 2*d, -2*d = -2*g + 16. Suppose x + g*x = z. What is the units digit of x?
6
Let d(f) = 3*f**3 - 9*f**2 + 31*f + 25. Let l(m) = -2*m**3 + 5*m**2 - 16*m - 13. Let v(k) = -3*d(k) - 5*l(k). What is the hundreds digit of v(6)?
2
Suppose 0 = 4*d + q - 1153, -5*q - 207 - 55 = -d. What is the tens digit of d?
8
Let d be (104 - -2)/(14/(-21)). Let j = -54 - d. What is the tens digit of j?
0
What is the tens digit of ((-4)/(-6))/2 - 36276/(-9)?
3
Let d be ((-6)/4)/(42/(-28)). What is the units digit of ((-415)/(-15)*3)/d?
3
Let p(n) = -n - 3*n - n + 4 - n**2. Let w be p(-5). Suppose -111 = -w*l - s, -6*l + l = 4*s - 125. What is the tens digit of l?
2
Let x(u) = 26*u**2 - 15*u + 3. What is the tens digit of x(-5)?
2
Let a(x) = -x**3 + 5*x**2 + 16*x + 21. What is the tens digit of a(-6)?
2
Let j(n) = 252*n**2 + 33*n - 7. What is the units digit of j(3)?
0
Let d(f) = 84*f**2 + 27*f - 49. What is the units digit of d(2)?
1
Let c = 1102 - 661. What is the units digit of c?
1
Let j = 10 - -6. Let o be -3*j + -4 + 4. What is the units digit of ((-98)/3)/(32/o)?
9
Suppose 36*r - 204 = 33*r. What is the tens digit of r?
6
Let m(i) = i**2 + 17*i - 37. Let h be m(-19). What is the hundreds digit of -3*h*948/(-18)?
1
Let r = 87 + -19. What is the tens digit of r?
6
Suppose -134 = 4*l - 34. Suppose 6*t - 3*t + 9 = 0, -267 = 5*h + 4*t. Let u = l - h. What is the tens digit of u?
2
Let x(m) = 3*m**2 - 2*m + 1. Let o be x(1). Suppose -2*w + 0*w = -2*j + 12, -4*j = o*w - 42. What is the units digit of j/((1 + -3)/(-6))?
7
Suppose 153*y - 150*y - 2175 = 0. What is the hundreds digit of y?
7
Suppose 0 = 2*a - a - 2*a. Suppose a = 54*w - 53*w - 266. What is the units digit of w?
6
Suppose 0*g = 2*g - 6. Suppose -4*o - 77 = -g*i + 96, o - 108 = -2*i. What is the units digit of i?
5
Suppose 14*q + 5*a = 9*q + 2580, -4*q + 4*a = -2104. What is the hundreds digit of q?
5
Let f(y) = -3*y**3 + 6*y**2 + 8*y - 23. Let j be f(-7). What is the hundreds digit of (30/(-8) + 4)/(1/j)?
3
Suppose -u - 2 = -4, 0 = s + 4*u + 73. Let x = 120 + s. What is the tens digit of x?
3
Suppose 3*x = 30*x - 6210. What is the hundreds digit of x?
2
Let c(p) = p**2 + 6*p + 12. Let s(v) be the first derivative of -v**2 + 20*v - 9. Let w be s(12). What is the units digit of c(w)?
4
Suppose 22 = -4*n + 2. Let x be (-2)/n + (-18)/(-30). What is the tens digit of x*3 - (-414)/18?
2
Suppose -11*q - 22*q + 35475 = 0. What is the tens digit of q?
7
Let j(t) = -3*t + 6. Let u be j(2). Suppose u = -s - 2*k + 74, 370 = 5*s - 4*k + 2*k. What is the units digit of s?
4
Suppose 4*i - 6*i = 6. Let s be -3*1/(i/32). Suppose 4*a + s = -3*c + 141, -a = c - 36. What is the tens digit of c?
3
Let s = 1899 + 224. What is the hundreds digit of s?
1
Let c(m) = -12*m**3 - m**2 + 5*m + 7. Let f be c(-3). Suppose 4*p - 337 = r, -4*p = 5*r - 0*r - f. What is the tens digit of p?
8
Suppose -11*x + 3306 = -6957. What is the tens digit of x?
3
Suppose -u = t + 4, 2*t + 2*t - 4*u + 16 = 0. Let n = 488 + -478. What is the units digit of 3 - n/t*18?
8
Let z(p) = -p**3 + 9*p**2 + 12*p - 6. Let b be z(10). Suppose b = 6*q + 2. Suppose 2*i + 26 = q*c, i - 25 = -c - 4*i. What is the units digit of c?
5
Let d = -128 - -243. Let m = d - 22. What is the tens digit of m?
9
Let v(i) = 82*i - 130. What is the units digit of v(10)?
0
Suppose s = -f - 7, 0 = -4*f + 2*s - 2 - 2. Let h = f + 9. Let b = 13 - h. What is the units digit of b?
7
Let t(z) = z**3 - 4*z**2 - z + 2. Let f be t(2). Let y(o) = -15*o + 6. Let m(x) = -2*x + 1. Let p(v) = -21*m(v) + 3*y(v). What is the units digit of p(f)?
1
Let a(h) = 24*h - 6. Let b be a(-3). Let g = 205 + b. What is the hundreds digit of g?
1
Suppose 4*y = 0, 1338 - 288 = 3*t - 5*y. What is the tens digit of t?
5
Let o(k) = 12*k**3 - 8*k**2 + 2*k + 1. What is the tens digit of o(3)?
5
Let r = -27 - -30. Let y(i) = -4*i**3 - 7*i**2 - i - 1. Let p(k) = 5*k**3 + 8*k**2 + 2*k + 1. Let q(g) = 5*p(g) + 6*y(g). What is the units digit of q(r)?
0
What is the hundreds digit of ((-1)/2)/((-5)/2140)?
2
Let r = -24 - -26. Suppose 0*i = 5*i + 5*o - 15, -2*i - 4*o = -r. What is the units digit of i?
5
Let x = 40 + -34. What is the units digit of 87 + (-5)/((-10)/x)?
0
Suppose -n + 1846 = -3*y, n + 3*y - 5*y - 1849 = 0. What is the thousands digit of n?
1
Suppose 209 + 71 = -5*o. Let q be o/(1 - (4 + -4)). What is the units digit of q/(-7) + (1 - 1)?
8
Suppose 132*d - 140*d = -728. What is the tens digit of d?
9
Let l(s) = -s**2 - s + 13. Let u be l(0). Suppose 5*o - 3*r + 0*r - 205 = 0, 0 = o + 5*r - u. What is the units digit of o?
8
Suppose 148 = 5*h + 3*k, -k - 26 = -h + 2*k. Suppose 4*o + h = 5*o. What is the tens digit of o?
2
Let b(i) = -3*i - 7. Let f(g) = g**3 - 8*g**2 - 9*g. Let z be f(9). Suppose -2*q = -z*q + 24. What is the units digit of b(q)?
9
Suppose -o + 502 = -49. What is the tens digit of o?
5
Let p = 5 + -1. Suppose 2*l = -623 + 757. Suppose -b + l = 4*g, 0 = -5*b - p*g + 41 + 326. What is the tens digit of b?
7
Let l be 4/(-2)*1*-96. Suppose 4*n = 4*s - l, -n + 0*n = 4*s - 172. What is the units digit of s?
4
What is the hundreds digit of 53*(21/(-4))/((-12)/16)?
3
Let u = 17 + -14. Let b(z) = 51*z + 7. Let d be b(u). Suppose -5*h + d = -0*h. What is the tens digit of h?
3
Let o = 4490 - 2528. What is the thousands digit of o?
1
Let o(m) = -m**3 + 13*m**2 + m - 9. Let x be o(13). Let r = x + 4. What is the units digit of (6/r)/((-42)/(-112))?
2
Suppose 5*x = k + 3107, 5*x - 5*k + 1259 = 7*x. What is the units digit of x?
2
Suppose 5*v - 935 = -22*f + 20*f, -4*f = -20. What is the units digit of v?
5
Suppose -8*q = -9*q + 47. Let v = 59 - q. What is the units digit of v?
2
Suppose -2*y + 158 = -5*x, -3*y = 2*x + y + 44. Let s = 34 + x. Suppose s*i - 4*t - 246 = -9*t, 0 = 3*i + 4*t - 185. What is the units digit of i?
9
Let w = 9 - 13. Let p be (3 - 4) + 1 - w. Suppose r + 2*v = 25, 4*v + 66 = -p*r + 6*r. What is the units digit of r?
9
Suppose 4*v = 3*a + 132, 0 = v - 3*a - 8 - 34. What is the units digit of v?
0
Suppose 4*s = 2*g + 66, 0 = 3*s + 4*g + g - 30. Let u = 21 + s. What is the units digit of u?
6
Let n = -45 + 33. Let c = 8 + 22. Let f = n + c. What is the units digit of f?
8
Suppose 17*w - 25*w - 712 = 0. Let p = -81 - w. What is the units digit of p?
8
Let x(y) = y**3 + 29*y**2 + 50*y - 44. What is the thousands digit of x(-22)?
2
Let s = 69 + -64. Let x = 1 + -1. Suppose -250 = -5*z - 5*h, x = -s*h + 6*h. What is the units digit of z?
0
Let m(b) = -2*b - 11. Let z be m(-8). Suppose 144 = z*u - 3*u. Suppose -u = -5*q + q. What is the units digit of q?
8
Let c be -4*(28/(-16) - -1). Suppose 0 = -5*f + c*f - 100. Let b = f - -90. What is the units digit of b?
0
Let h(k) = k**3 - 5*k**2 + 5*k - 2. Let r be h(4). Suppose 0 = -r*g + w + 79, 0*w - 6 = 2*w. What is the units digit of g?
8
Let b = 325 + -137. What is the units digit of b?
8
Suppose -31*w = -36*w + 6285. What is the hundreds digit of w?
2
Suppose 6*j + 5*j - 99 = 0. Let b(n) = n**3 - 9*n**2 + 12*n - 13. What is the tens digit of b(j)?
9
What is the tens digit of 1434/9 - (-3)/(36/8)?
6
Let h be ((-58)/(-8))/((-3)/12). Let n = h - -144. What